 + 12/2?
9
Suppose -15 = -4*f + 5. Suppose 2*s - 7952 = 5*s - f*n, -s = -3*n + 2656. What is the units digit of 4/26 - s/52?
1
Let m = 3924 + -2766. Let o = 1877 - m. What is the tens digit of o?
1
Suppose -3*k + 4067 = -4*n - 91641, k - 2*n - 31902 = 0. What is the tens digit of k?
0
Let s = 14910 + -7866. What is the hundreds digit of s?
0
Suppose 0 = 3*q + 2*y - 4, -4*q + q + 1 = 5*y. Suppose 4*l - 3*x + 9 = 0, -q*x - 3 = 7. Let r = l - -53. What is the tens digit of r?
4
Let s(i) be the third derivative of -1/24*i**4 + 0*i**3 - 1/30*i**5 - 1/20*i**6 + 12*i**2 + 0 + 0*i. What is the units digit of s(-1)?
5
Suppose -r + 114 = -3*c, -2*r = 3*r - 5*c - 570. Suppose -132 - r = -3*i. Let t = -11 + i. What is the units digit of t?
1
Suppose 73*s + 36*s - 413219 = 0. What is the tens digit of s?
9
Suppose -4*q + 3*q = -3. Suppose -q*w - 1 = w - k, -7 = 3*w - 2*k. Let t = w - -50. What is the tens digit of t?
5
Suppose 3*o + 5*b = 4*o - 9581, -b = -4. What is the hundreds digit of o?
6
Let d(j) = 583*j**2 + 374*j + 3440. What is the thousands digit of d(-9)?
7
Let j be -20*(0 - (-37)/(-2)). Let l = 4140 + -4136. Suppose -l*s + j = -594. What is the units digit of s?
1
Let i(k) = k**3 - 8*k**2 - 2*k - 61. Let j be i(9). Suppose -21 = a - 94. Suppose -w + a = v, 140 = j*w + v + 3*v. What is the tens digit of w?
7
Suppose 1608 = 5*i + 813. Suppose i - 327 = -4*g. What is the units digit of g?
2
Let s(p) = 4*p**3 - 30*p + 15. What is the hundreds digit of s(12)?
5
Let y be (-574)/(-6)*(-21)/7. Let v = y + 204. Let o = 11 - v. What is the tens digit of o?
9
Suppose -246628 + 1409504 = 49*n - 5*n. What is the thousands digit of n?
6
Let d be (980/56)/(3/(-102)). What is the units digit of (0 - (-664)/(-10))/(119/d)?
2
Suppose 3*i + 2994 = -4*w, 3*w - 6*i + 2233 = -2*i. Let t = -519 - w. What is the units digit of t?
8
Let f(k) = -2*k**3 - 78*k**2 - 206*k + 27. What is the units digit of f(-38)?
7
Let l(d) = 56*d**2 + 827*d + 43. What is the hundreds digit of l(-22)?
9
Let n(f) = 2*f - 4. Let u be n(-20). Let j(t) = -t**3 - 44*t**2 - 5*t - 92. What is the tens digit of j(u)?
2
Let b(l) = 738*l - 60. Let p be b(4). Suppose t = p - 1695. What is the thousands digit of t?
1
Let a be (-147 - 1) + 6/3. Let q = -3667 - -3462. Let w = a - q. What is the tens digit of w?
5
Let g(t) = 40*t**2 - t + 164. What is the tens digit of g(-32)?
5
Let d be (-1)/(((-2)/66)/(-1)). What is the hundreds digit of (-6 - d/6)/(3/(-1512))?
2
Let n = -251 - -242. Let d(k) = -k**3 - 3*k**2 + 9*k + 31. What is the tens digit of d(n)?
3
Let f(p) = p**3 - p**2 + p + 184. Let h be f(0). Suppose -h = -12*u - 112. What is the units digit of u?
6
Let u be 1746/4*(175/(-21) + 9). Suppose 2*a - 226 = -2*f - 28, -3*f + u = 5*a. Let x = -63 + f. What is the tens digit of x?
3
What is the hundreds digit of (2 - 237864/(-55))/((-2)/(-5))?
8
Let m(y) = 325*y + 26. Let x be m(10). Let j = -1545 + x. Suppose -j = -7*g + 40. What is the hundreds digit of g?
2
Let f be ((24815/7)/5)/(4/12). Suppose -293*b = -296*b + f. What is the units digit of b?
9
Suppose 4*u + 24970 = h, 0 = h - 2*u - 19298 - 5662. Suppose -17*l + h = 8*l. What is the hundreds digit of l?
9
Suppose -3*c = -3*y + 106929, -142596 = -61*y + 57*y - 2*c. What is the units digit of y?
7
Let c(q) = -18*q + 4 - 2 - 3. Let b be c(4). Let z = b + 140. What is the tens digit of z?
6
Suppose -3*f = -2*m - 8372, 2979 = 2*f - 5*m - 2595. Suppose -2*h + 4*q + f = 0, h - 2*q = -4*h + 6972. What is the units digit of h?
4
Let i be -1 + (-6)/(-1 - (-2 + 0)). Let r be (-2)/i + 18/(-14) + 0. What is the units digit of (-2)/r*(2 + 0/5)?
4
Let v(h) = -13*h**2 + 3 - 3*h + 25 + 14*h**3 - 15*h**3. Let t be v(-12). Let l = -6 - t. What is the tens digit of l?
7
Let l(t) = -t**3 + 3*t + 11. Let o(m) = -2*m**3 + m**2 + 7*m + 22. Let j(b) = 13*l(b) - 6*o(b). Let f be j(-5). What is the units digit of f - (-2 + 3 + -4)?
4
Suppose 2*q = -5*v + 9348, q - 5*v + 682 = 5386. What is the tens digit of q?
8
Let s = 702 + 4687. What is the thousands digit of s?
5
Let t(y) be the third derivative of y**6/60 - 31*y**4/24 + 11*y**3/6 - 32*y**2. Let c be t(-6). Let j = c - -460. What is the units digit of j?
5
Suppose 28*o = -2*x + 31*o + 12723, -3*x = -5*o - 19084. What is the tens digit of x?
6
What is the tens digit of (4/6)/(1/(-263064)*-16)?
6
Suppose 11*r = 12*r - 34. Let x(p) = 0*p**2 - 585*p**3 + 4 + 586*p**3 - 15*p**2 - r + 20*p. What is the units digit of x(14)?
4
Let m = -35 + 112. Let z = m - 65. What is the tens digit of z?
1
Let o = 209 + -218. What is the hundreds digit of (o + (-4310)/(-20))/((-1)/(-2))?
4
Let c(r) = 8*r**3 - r**2 - 6*r + 4. Let g(x) = 15*x**3 - 3*x**2 - 11*x + 7. Let l(n) = -5*c(n) + 3*g(n). Let a = 932 + -929. What is the units digit of l(a)?
1
Let p = 4205 - 1454. What is the tens digit of p?
5
Let k be (9/(-6))/(3 - (-103)/(-34)). Suppose 0 = -k*l + 53*l - 1268. Suppose 8*t - 46 = l. What is the units digit of t?
5
Let x = -147 - -147. Suppose 0 = -3*v - 4*g - 58, -17 = 5*g + 3. What is the hundreds digit of x - v/12*-2*-45?
1
Suppose c - r = r + 1468, 0 = -2*c - r + 2926. Suppose 82*s + c = 85*s. What is the units digit of s?
8
Suppose 27*w - 52*w + 39*w = 244608. What is the tens digit of w?
7
Suppose 2*n - 3*m = -2*n + 585, 5*n - 3*m - 735 = 0. Suppose -171*r - 483 = -192*r. Let f = n - r. What is the hundreds digit of f?
1
Let b(f) = -f**3 + 31*f**2 + 74*f + 63. Let v be b(32). Suppose -4082 = -25*a - v. What is the hundreds digit of a?
1
What is the units digit of 1 + 7776 + 6 + -2?
1
Let y = 1223 - 712. Let h = 796 - y. What is the units digit of h?
5
Let k = 23 + -23. Let d be k + (-12 - (-9)/3). Let c(h) = -5*h + 17. What is the tens digit of c(d)?
6
Let m = -22 - -22. Suppose 2*t + p - 8 = 0, 5*t + m*t - 17 = -p. Suppose b + 3*b - t*s - 267 = 0, 5*b = 2*s + 339. What is the units digit of b?
9
Suppose -3*z = 3*q - 12, 0 = q + q - 2*z + 12. Let k be q/(4/(-6) + 1). What is the units digit of (0 - k)*(0 - -1)?
3
Let y(f) = -2*f + 12. Let n be y(13). Let p be 1504/28 - 4/n. Suppose -t = -2*v - 5 - 1, 0 = -5*t + 4*v + p. What is the tens digit of t?
1
Let s(q) = -q**3 - q**2 + q + 4. Let t be s(0). Suppose 3*k - k + 2402 = t*f, 3*f - 3*k - 1809 = 0. What is the tens digit of f?
9
Suppose 4164 = 3*v + 5*r, -r + 3*r = -3*v + 4155. What is the tens digit of v + (2 - (-9 - -9))?
8
Let l(z) = -z**2 - 15*z - 79. Let b be l(-10). Let a = b - -1231. What is the tens digit of a?
0
Suppose 27*m - 551208 = 849255. What is the ten thousands digit of m?
5
Suppose -v = -4 + 2. Suppose v*x - 222 = x. Suppose -x - 78 = -5*w. What is the units digit of w?
0
Suppose 9 = 4*m - 15. Let b(q) = q**2 + 8*q - 78. Let u be b(23). Suppose m*l = l + u. What is the units digit of l?
7
Let v = -150 - -155. Suppose 0 = -4*s + v*g - 0*g + 2567, -4*s + 2537 = 5*g. What is the units digit of s?
8
Let a be -2*((-8778)/(-105))/((-2)/160). Suppose -1561 = -13*w + a. What is the tens digit of w?
4
Let u be (0/7)/((-6)/(-3)). Suppose -89*w + 71*w + 23994 = u. What is the hundreds digit of w?
3
Let k be (-4)/(-6)*2*1347. Let f = k + -1036. What is the hundreds digit of f?
7
Let j = 8823 + -4124. What is the units digit of j?
9
Suppose -4*l + 21860 = -6*l. What is the units digit of l/(-4)*(-3)/30*-4?
3
Suppose 0*o - 4*u + 25136 = 5*o, -5*u + 25140 = 5*o. What is the thousands digit of o?
5
Suppose 321 - 315 = 2*u. Suppose -487 = -3*c - 4*v, 0 = u*c - 13*v + 9*v - 503. What is the units digit of c?
5
Let g(h) = 2*h - 3. Let f be g(-4). Let x = -8 - f. Suppose -x*p + 166 - 25 = 0. What is the tens digit of p?
4
Let p(a) = -32*a**3 + 4*a**2 + 4*a + 2. Let b = -62 - -60. What is the hundreds digit of p(b)?
2
Let p(t) = 13879*t**2 + 155*t - 311. What is the thousands digit of p(2)?
5
Suppose -2*p + 218 = -4. Let g(b) = -6*b - 50. Let i be g(-17). Suppose -j + i = -p. What is the tens digit of j?
6
Suppose -4*i = -24 + 32. What is the hundreds digit of 22326/48 - i/(-16)?
4
Let o = 115 + -111. What is the units digit of (-1 - -13)*((-160)/(-12) - o)?
2
Suppose 445 = -v + 1189. Let n = 816 + v. What is the tens digit of n?
6
Let h(y) = 54 + 25*y**2 + 4*y + 2*y - y. What is the tens digit of h(-6)?
2
Let p(b) = 945*b**2 - 8*b + 8. Let l be p(1). Suppose -3*t + l = 2*n, -